456?
True
Does 11 divide 1353863?
False
Is 2 a factor of 48237?
False
Does 11 divide 28677?
True
Is 57 a factor of 2456814?
True
Is 12 a factor of 470220?
True
Is 602 a factor of 1495970?
True
Is 460 a factor of 169035?
False
Does 33 divide 900306?
True
Is 49 a factor of 229026?
True
Is 296940 a multiple of 70?
True
Does 107 divide 1459376?
False
Does 19 divide 66941?
False
Is 98460 a multiple of 160?
False
Is 72 a factor of 241557?
False
Does 274 divide 474568?
True
Is 384169 a multiple of 21?
False
Is 1164 a factor of 2992132?
False
Is 378 a factor of 1523894?
False
Is 2144375 a multiple of 365?
True
Is 126 a factor of 99666?
True
Is 36 a factor of 359208?
True
Does 12 divide 407940?
True
Is 5 a factor of 3783240?
True
Is 209314 a multiple of 27?
False
Is 13287696 a multiple of 16?
True
Does 15 divide 50295?
True
Is 305 a factor of 6855485?
True
Is 17 a factor of 3053812?
True
Is 36 a factor of 88067?
False
Is 883800 a multiple of 8?
True
Is 64 a factor of 93488?
False
Is 15 a factor of 62867?
False
Is 20 a factor of 423?
False
Is 1523318 a multiple of 24?
False
Is 139070 a multiple of 6?
False
Is 254 a factor of 4870640?
False
Is 282 a factor of 76584?
False
Is 20 a factor of 242993?
False
Does 4 divide 311267?
False
Does 9 divide 39988?
False
Is 3 a factor of 278451?
True
Is 7 a factor of 705103?
True
Does 15 divide 1763820?
True
Is 9005145 a multiple of 15?
True
Is 10 a factor of 1875826?
False
Does 8 divide 4978504?
True
Is 817298 a multiple of 1190?
False
Is 246725 a multiple of 91?
False
Is 423706 a multiple of 11?
False
Is 2107196 a multiple of 18?
False
Is 2036516 a multiple of 73?
False
Does 319 divide 293674?
False
Does 46 divide 8549073?
False
Does 102 divide 54264?
True
Does 472 divide 607537?
False
Is 16 a factor of 440935?
False
Is 445 a factor of 246530?
True
Is 1557623 a multiple of 225?
False
Is 662611 a multiple of 220?
False
Is 150766 a multiple of 77?
True
Is 11621468 a multiple of 1598?
False
Is 18 a factor of 1794978?
True
Is 2249097 a multiple of 613?
True
Is 145 a factor of 159521?
False
Is 2568980 a multiple of 46?
False
Is 146550 a multiple of 50?
True
Does 35 divide 978699?
False
Is 329847 a multiple of 3?
True
Is 5818792 a multiple of 56?
True
Is 5546639 a multiple of 38?
False
Is 4 a factor of 1930409?
False
Is 54312 a multiple of 4?
True
Is 453184 a multiple of 292?
True
Is 9 a factor of 100601?
False
Is 6 a factor of 31736?
False
Does 2 divide 1006594?
True
Does 33 divide 2748999?
True
Is 4452132 a multiple of 169?
False
Is 86650 a multiple of 53?
False
Is 6028551 a multiple of 1315?
False
Is 58 a factor of 4313518?
True
Is 16 a factor of 59680?
True
Is 79 a factor of 7366881?
False
Is 199573 a multiple of 112?
False
Does 11 divide 76814?
False
Is 5755637 a multiple of 98?
False
Is 163 a factor of 4417?
False
Does 611 divide 680578?
False
Does 2 divide 116891?
False
Is 100 a factor of 241800?
True
Does 19 divide 5605039?
False
Is 6 a factor of 4337946?
True
Does 23 divide 120106?
True
Does 8 divide 154372?
False
Is 1341 a factor of 5138712?
True
Is 700 a factor of 13315400?
True
Is 11 a factor of 27935?
False
Does 192 divide 7508963?
False
Is 470 a factor of 235824?
False
Does 73 divide 590643?
True
Does 4 divide 5898?
False
Is 160407 a multiple of 117?
True
Does 107 divide 3328984?
True
Does 336 divide 1569334?
False
Is 5532255 a multiple of 440?
False
Is 172914 a multiple of 322?
True
Is 293 a factor of 101378?
True
Does 14 divide 9241?
False
Does 2 divide 33572?
True
Is 83 a factor of 341877?
True
Is 127039 a multiple of 189?
False
Is 137 a factor of 305154?
False
Does 1337 divide 10810981?
False
Is 586327 a multiple of 7?
True
Is 5 a factor of 1769980?
True
Is 7266 a multiple of 173?
True
Is 521234 a multiple of 434?
True
Is 50 a factor of 254300?
True
Does 11 divide 330077?
True
Is 701 a factor of 6064780?
False
Is 10 a factor of 5023130?
True
Is 34727446 a multiple of 13?
True
Does 15 divide 393345?
True
Is 318 a factor of 272526?
True
Is 42755 a multiple of 17?
True
Does 20 divide 17613?
False
Is 783038 a multiple of 4?
False
Is 214236 a multiple of 66?
True
Is 655182 a multiple of 22?
True
Is 18113 a multiple of 30?
False
Is 254 a factor of 188459?
False
Is 40 a factor of 17783?
False
Is 901445 a multiple of 3?
False
Is 422296 a multiple of 195?
False
Is 848430 a multiple of 25?
False
Is 9956 a multiple of 487?
False
Does 6 divide 18741?
False
Is 39 a factor of 5130606?
True
Does 27 divide 376758?
True
Does 7 divide 12701?
False
Is 402939 a multiple of 13?
False
Is 980325 a multiple of 25?
True
Is 4 a factor of 71376?
True
Is 14 a factor of 972127?
False
Does 49 divide 3380702?
False
Is 148 a factor of 12728?
True
Is 15 a factor of 3272?
False
Does 180 divide 25232065?
False
Is 298065 a multiple of 31?
True
Is 30 a factor of 492233?
False
Is 5902034 a multiple of 108?
False
Is 37610169 a multiple of 383?
False
Is 22126257 a multiple of 38?
False
Is 629125 a multiple of 153?
False
Is 18 a factor of 905636?
False
Is 470 a factor of 3214286?
False
Is 19 a factor of 32452?
True
Is 14 a factor of 1170834?
True
Does 434 divide 501270?
True
Is 870312 a multiple of 24?
True
Does 156 divide 76490?
False
Does 1071 divide 1151843?
False
Is 2 a factor of 1081383?
False
Is 886941 a multiple of 153?
True
Does 10 divide 242470?
True
Does 121 divide 4120275?
False
Is 17 a factor of 1083006?
False
Is 57 a factor of 19370082?
True
Is 265 a factor of 1905085?
True
Is 25 a factor of 423813?
False
Is 8055078 a multiple of 35?
False
Is 46 a factor of 755379?
False
Is 2378504 a multiple of 8?
True
Does 22 divide 275440?
True
Does 2 divide 1245913?
False
Is 5 a factor of 45743?
False
Is 13 a factor of 197483?
True
Does 15 divide 776787?
False
Does 18 divide 146247?
False
Does 15 divide 25706?
False
Is 487137 a multiple of 57?
False
Does 1258 divide 1040366?
True
Does 10 divide 1533050?
True
Is 2665 a multiple of 3?
False
Does 779 divide 5421840?
True
Does 30 divide 1999852?
False
Is 825726 a multiple of 339?
False
Is 408402 a multiple of 282?
False
Is 1561570 a multiple of 236?
False
Is 115244 a multiple of 47?
True
Is 155735 a multiple of 89?
False
Is 12303097 a multiple of 10?
False
Does 61 divide 959493?
False
Does 46 divide 806472?
True
Does 7 divide 3686795?
True
Is 107821 a multiple of 73?
True
Is 3 a factor of 170970?
True
Is 72 a factor of 77400?
True
Is 11317418 a multiple of 43?
False
Is 570624 a multiple of 45?
False
Is 31185 a multiple of 33?
True
Does 15 divide 611880?
True
Does 121 divide 232773?
False
Is 7 a factor of 189392?
True
Is 2095 a multiple of 563?
False
Is 404032 a multiple of 2?
True
Is 21 a factor of 3149454?
True
Does 715 divide 2048475?
True
Is 34 a factor of 219742?
True
Does 101 divide 49890?
False
Does 17 divide 740673?
True
Is 2133684 a multiple of 36?
True
Does 38 divide 1697726?
True
Is 10962647 a multiple of 8?
False
Is 37468 a multiple of 4?
True
Does 10 divide 739690?
True
Is 340 a factor of 66640?
True
Is 128 a factor of 7986816?
True
Is 886723 a multiple of 5?
False
Is 9 a factor of 240264?
True
Does 65 divide 399555?
True
Is 1283689 a multiple of 121?
True
Is 1478767 a multiple of 36?
False
Is 611374 a multiple of 24?
False
Does 39 divide 35601?
False
Is 749982 a multiple of 523?
True
Does 246 divide 185140?
False
Is 10 a factor of 363260?
True
Is 9 a factor of 1518003?
True
Is 7 a factor of 485480?
False
Is 924 a factor of 631311?
False
Is 381600 a multiple of 25?
True
Is 2198470 a multiple of 206?
False
Is 29 a factor of 614713?
True
Is 157001 a multiple of 2?
False
Is 11099816 a multiple of 5?
False
Does 64 divide 104896?
True
Is 3 a factor of 36821?
False
Does 221 divide 2042165?
False
Does 207 divide 627210?
True
Is 258096 a multiple of 15?
False
Does 44 divide 303952?
True
Is 13 a factor of 2195304?
False
Is 304659 a multiple of 34?
False
Is 16 a factor of 504228?
False
Does 255 divide 7486571?
False
Is 21 a factor of 3131484?
False
Is 424 a factor of 126352?
True
Does 9 divide 73076?
False
Does 288 divide 68544?
True
Is 4372692 a multiple of 108?
False
Is 19 a factor of 244644?
True
Is 26465 a multiple of 67?
True
Does 18 divide 167278?
False
Is 1073007 a multiple of 13?
True
Is 1018304 a multiple of 94?
False
Is 219840 a multiple of 23?
False
Is 362360 a multiple of 40?
Tru